te the highest common divisor of s and 3.
3
Let f be (12/(-15))/(1/(-10)). Suppose -3*b - 135 = -f*b. What is the greatest common divisor of 18 and b?
9
Let r(n) = -1 + 6*n + 3 - 7. Let i be r(2). Let m(x) = x**3 - 8*x**2 + 10*x - 7. Let y be m(7). What is the highest common divisor of y and i?
7
Suppose 12 = t + 4. Let z(s) = -s**3 - 9*s**2 + 2*s + 50. Let f be z(-9). What is the highest common divisor of t and f?
8
Let s = -137 - -279. Let z be s/2 + (-2 - (-6)/2). What is the greatest common factor of z and 48?
24
Let y = 18 - 12. Suppose -l = -y*l + 210. Suppose -5*w + 4*f + 128 = 0, 3*f = w - 0*w - 19. Calculate the greatest common factor of w and l.
14
Let k(n) = 3*n. Let u(v) = 2*v - 1. Let y(w) = -k(w) + 3*u(w). Let j be y(7). Calculate the highest common factor of j and 99.
9
Let x be (-1 - -4) + 4/2. Let v be -164*(-1)/10 + 2/(-5). Suppose -4*k + y + v = -519, x*k = 5*y + 650. Calculate the highest common factor of k and 15.
15
Let y be 4 + 6/((-3525)/590 - -6). What is the greatest common factor of y and 5?
5
Let i = -86 - -150. Let s(q) = 4*q**3 - 2*q**2 + 3*q + 3. Let p be s(-2). Let j = p + i. What is the highest common factor of j and 7?
7
Let h = -337 + 241. Let i = -48 - h. What is the highest common factor of i and 120?
24
Let x be (2/10 + 14/(-20))*0. Suppose 504 = -x*h + 4*h. Calculate the greatest common factor of 14 and h.
14
Suppose 7282 = 5*s - u, -171*u + 175*u + 2902 = 2*s. Calculate the greatest common factor of s and 47.
47
Suppose -14*i + 1612 = 534. Calculate the highest common divisor of i and 35.
7
Suppose 5*z - 3*h = 695, -z = 3*h - 12 - 109. Suppose -3*v - 56 = 3*b - 7*b, b - 20 = v. Let f = v - -41. What is the greatest common divisor of f and z?
17
Let p = -3 - -25. Suppose -14*v + 1870 = 20*v. Calculate the highest common divisor of v and p.
11
Let k = 9 + -3. Let s(v) = v**2 - 7*v + 5. Let a be s(k). Let l be (6/10 + a)*-25. Calculate the greatest common factor of 110 and l.
10
Suppose 3*s + 0*s = 24. Let r be (-36)/(-60) + s/(-5) - -10. Calculate the greatest common divisor of 99 and r.
9
Suppose -13*r + 5280 = 7*r. Calculate the highest common divisor of r and 66.
66
Let i(j) = j**2 - 13*j + 347. Let y be i(27). Calculate the greatest common divisor of y and 58.
29
Let o = 7 - 2. Suppose -o*j + 9*j - 144 = 0. What is the greatest common factor of 12 and j?
12
Let h = 29 - 23. Let l be ((-8)/(-5))/(h/(-510)). Let w be (-20)/(-70) - l/14. What is the highest common factor of 30 and w?
10
Suppose 4*z + 5*l - 68 = 0, 0 = -z - 12*l + 9*l + 17. What is the highest common divisor of z and 51?
17
Let v(u) = -8*u - 1. Let c be v(-1). Let d = 2 + c. Suppose -s = -4*w + 5, s = -5*w + 3 + 1. Calculate the highest common factor of d and w.
1
Let g(a) = a**3 + 12*a**2 + 24. Let z be g(-10). What is the greatest common divisor of 160 and z?
32
Suppose 0 = 2*f + 4, m + f = 4*m + 16. Let j(d) = d**2 + 4*d + 8. Let c be j(m). What is the greatest common factor of 40 and c?
20
Suppose -p = 4*j - 76, 2*p = -3*j - 3*p + 74. Let h = 125 + -35. What is the highest common divisor of h and j?
18
Let p = -117 - -156. What is the greatest common factor of 169 and p?
13
Let f(y) = 7*y + 6*y**2 + y**3 - 4*y + 96207 - 96212. Suppose 4*j = -j - 25. Let t be f(j). Calculate the greatest common divisor of t and 15.
5
Suppose -11*t = -10*t - 9. Suppose 4*c - 190 = -10. What is the greatest common factor of t and c?
9
Suppose -205 = -10*d + 45. Let h(y) = y**3 - 6*y**2 + 2*y - 7. Let m be h(6). Calculate the greatest common factor of d and m.
5
Let o be (-30)/18*3 + 3 - -60. Calculate the greatest common divisor of o and 928.
58
Let h(f) = f**2. Let q(o) = o**3 + 8*o**2 + 7*o + 2. Let s be q(-7). Let v be h(s). Suppose -9*x + 10 = -v*x. Calculate the highest common factor of 2 and x.
2
Suppose 2*j - 41 = -k - 4*k, -5*j + 88 = -2*k. Calculate the greatest common divisor of j and 153.
9
Let q(z) = 2*z**3 - z**2 + 2*z - 1. Let w be q(1). Let y be (30/w)/((-6)/(-4)). Let b be (-5 - (-3 + -1))*-15. What is the greatest common divisor of y and b?
5
Suppose -836 = -3*k + 4*t, 0 = -6*t + t + 5. Suppose 36*x + 23*x = 2065. What is the greatest common factor of x and k?
35
Let n be 30/105 + 138/7. Suppose -2*r + 54 = 2*c, -r + 6*c + 39 = 3*c. What is the highest common factor of n and r?
10
Let m(q) = -5*q**2 - 3*q - 28. Let d(c) = -11*c**2 - 7*c - 56. Let r(b) = -6*d(b) + 13*m(b). Let f be r(-9). What is the highest common factor of f and 65?
13
Let a be (-1)/(-2) - -78*(-2)/(-8). Let o be (130/a)/((-1)/(-16)). What is the greatest common factor of 8 and o?
8
Let f = -534 - -547. Calculate the highest common factor of 13 and f.
13
Suppose 10*g = 5*g + 2*i + 11, -2*i = -g + 7. Let w(a) = -9*a - 1. Let o be w(-1). Calculate the greatest common factor of g and o.
1
Let t(a) = -a**3 + 10*a**2 + 4*a - 24. Let x = -21 + 31. Let r be t(x). Calculate the highest common divisor of 80 and r.
16
Suppose -4*o - 9 = -17. Suppose 0 = -7*t + o*t + 10. Suppose -8*g + t = -7*g. What is the highest common factor of 6 and g?
2
Suppose -4*v - 484 = -3*w, 0*w + 645 = 4*w - 5*v. Calculate the greatest common divisor of 80 and w.
80
Let o be 7/(-3) + 2 + 134/6. What is the highest common divisor of 198 and o?
22
Let d be (-915)/(-6) - (-3)/2. Let k be 0/(-1) + (-3 - -1). Let q be (-1)/k*-2 - -23. What is the greatest common factor of q and d?
22
Let i be 3/((-36)/61 + (-6)/(-10)). Calculate the greatest common divisor of i and 122.
61
Let f(m) = -m**3 - 4*m**2 + 10*m + 56. Let w be f(-5). What is the highest common divisor of w and 899?
31
Let m be (-8 + (-14900)/(-10))/(3 + -1). Calculate the greatest common factor of 39 and m.
39
Let q(d) = 10*d - 5. Let t be q(-3). Let o = t - -49. Suppose 56 + o = 2*j. Calculate the highest common divisor of j and 5.
5
Let b(v) = -2*v**3 + v**2 + 32*v - 3. Let h be b(-4). Calculate the highest common factor of h and 1378.
13
Suppose 24 = -4*b - 5*r + 71, -b = -r - 14. Let u(m) = 6*m - 5 - b*m + 2. Let f be u(-6). Calculate the highest common factor of f and 13.
13
Let g(v) = -2*v**2 - 3*v - 12. Let q be g(-5). Let k = -34 - q. What is the highest common factor of 65 and k?
13
Let j be (-17)/(-4) - 2/8. Let y = -176 - -120. Let w = y + 84. What is the highest common factor of w and j?
4
Suppose 50*j = 49*j + 680. What is the highest common divisor of j and 40?
40
Let s = -525 + 712. What is the greatest common factor of 17 and s?
17
Suppose -h = 11*l - 10*l - 11, l - 19 = -2*h. Suppose -n = 2*n - 264. What is the highest common factor of h and n?
8
Suppose -30*i = -35*i - 20. Let y be 14*-1*i/4. Calculate the highest common factor of 42 and y.
14
Let d(g) = 68*g**2 + g. Let w be d(1). Suppose -171 - w = -5*s. Let q = 36 - 24. Calculate the greatest common divisor of s and q.
12
Suppose 116*j - 1890 = 89*j. What is the highest common divisor of j and 3430?
70
Let a(l) = 2 - 3 - l - 3*l + 3*l. Let f be a(-5). Suppose f*c - 42 = 26. Calculate the greatest common divisor of 51 and c.
17
Suppose 3*t = -2*c + 110 + 4, -5*c + 87 = 2*t. Calculate the highest common divisor of 540 and t.
36
Suppose 11*y - 9072 = -5*y. What is the highest common divisor of 108 and y?
27
Suppose 5 - 1 = -n. Let z = n + 8. Suppose -x = 3*i - 170, z*x + 0*x = i - 35. Calculate the highest common divisor of i and 11.
11
Suppose 655*k = 4*s + 651*k - 104, 4*s + 3*k = 118. Suppose 2*r - 672 = -r. Calculate the greatest common factor of r and s.
28
Let w be 5/25 + (-664)/(-5). Suppose -9*l + w = -65. What is the greatest common divisor of 55 and l?
11
Suppose -2*k + 5*w + 8 = -13, 0 = -k + 5*w + 13. What is the highest common factor of k and 28?
4
Suppose 138 = 5*g - 147. Let k = -7 + g. What is the highest common divisor of k and 20?
10
Suppose 2601*d = 2602*d - 46. Suppose 95 = -0*v + 5*v + 5*p, 15 = v - 3*p. Suppose -97 - v = -n. What is the highest common divisor of n and d?
23
Let i be (-1)/(((-10)/4)/(-5)). Let b be ((-3)/i)/(15/10). Let d be 388/44 - (-2)/11. What is the highest common factor of b and d?
1
Let c be (-10)/(-4)*140/25. Let p(d) = d + 1. Let b be p(c). Suppose -a - 27 + 0 = -4*f, 2*f - b = -a. What is the greatest common divisor of f and 56?
7
Let s(b) = -b**2 + 14*b - 41. Let m be s(6). Let a be (43/(-4))/(-1) - m/(-28). What is the greates